-2*o. Let t = -409 - r. What are the prime factors of 5/(-15) - t/6?
29
Let j = -4997 - -4997. Suppose -3*z = z - 260. Suppose j = z*a - 62*a - 633. What are the prime factors of a?
211
Suppose -a + 0*a - 4 = 0, -5*a + 31505 = 5*v. What are the prime factors of v?
5, 13, 97
Suppose -g = -5*v + 22, 2*g + 4 = -0*g. Suppose -5*x = -3*c - 41, 3*x - v*c - c = 31. Suppose -140 - 385 = -x*o. List the prime factors of o.
3, 5
Let k be ((-432)/45)/((-6)/15). Let j = k + -17. List the prime factors of j.
7
Let j be ((-6)/(-12))/((-2)/144) + -4. What are the prime factors of 10/j - 3874/(-8)?
2, 11
Let u be ((-355)/30)/(7/(-42)). Suppose -4*f - 394 = -2*a, 4*a + 70*f - 781 = u*f. What are the prime factors of a?
3, 5, 13
Suppose -74*f - 156*f = -4591206 - 1780254. List the prime factors of f.
2, 3, 19
What are the prime factors of (2820474/(-6))/(-19) + 7?
2, 23, 269
Let g(w) = -w**3 + 43*w**2 + 41*w + 84. Let k(j) = -j**2 - 2*j + 1. Let b(v) = -g(v) - 6*k(v). List the prime factors of b(39).
3, 607
List the prime factors of (6/(90/2397))/(8/200).
5, 17, 47
Let c(k) be the third derivative of 47*k**4/24 + 2*k**3/3 - k**2. Let z(y) = -y**3 + 42*y**2 - 113*y - 154. Let w be z(39). What are the prime factors of c(w)?
2, 7
Let b(l) = 9 + 15 - 17 + 55 - 13*l. What are the prime factors of b(-17)?
283
Suppose -45*k + 417378 = 23*k - 486138. What are the prime factors of k?
3, 43, 103
Let v(h) = 4*h**3 + 7*h**2 + 15*h - 10. Let o(b) = 3*b**3 + 8*b**2 + 14*b - 9. Let x = 21 - 17. Let p(u) = x*v(u) - 5*o(u). List the prime factors of p(13).
2, 11
Suppose -11*y = -44 - 0. Suppose 5*h - 2026 = -3*k - 85, 768 = 2*h + y*k. List the prime factors of h.
2, 3, 5, 13
Let k be 0 + -1 + -3 + 7. Let i be 0/(30/(-5)) + 6 + 204. What are the prime factors of i/20 + -1 + k/2?
11
Suppose 0 = -5*k - 4*s + 63, -3*k + 5*s + 51 = -9. Suppose b + 10 = k. Suppose -5*h = -2*h + 5*l - 493, -2*l + 790 = b*h. List the prime factors of h.
2, 3, 13
Suppose -3*x + 12802 = 5*c, 0 = 2*x - 54*c + 49*c - 8543. What are the prime factors of x?
3, 1423
Suppose -5*i - 4*i - 14*i + 205758 = 0. List the prime factors of i.
2, 3, 7, 71
Suppose 8*y - 103116 + 17076 = 0. What are the prime factors of y/165 - (-6)/(-33)?
5, 13
Let f(m) = -9*m**3 + 5*m**2 + 7*m - 8. Let t be f(-7). Suppose -41*i = -36*i - t. List the prime factors of i.
5, 131
Suppose 4*i - 8 - 8 = 4*h, 0 = 3*h + 3*i. Let g(l) = -246*l**3 + 4*l + 3. Let y be g(h). Suppose 2*c = -11*c + y. What are the prime factors of c?
151
Suppose 3067735 = 307*h - 4499508. List the prime factors of h.
157
Suppose 70 = -19*f + 14*f. Let m = f - -135. What are the prime factors of m?
11
Let v(i) = 83*i**2 - 1. Let w be v(1). Suppose 5*s - 232 = 3*p, -104 - w = -4*s + 2*p. Let y = -1 + s. What are the prime factors of y?
2, 23
Let j(x) = 11*x**2 - 2*x - 9. Let d be j(3). Let y(r) = 80 - d + 8*r + 22*r. List the prime factors of y(3).
2, 43
Let c(j) = -j**2 + 6*j + 9. Let v(m) = m**2 + 16*m + 22. Let u be v(-15). Let r be c(u). List the prime factors of (-10)/(-25) - ((-1164)/15 + r).
2, 19
Let r = -129 + 129. Suppose 2*w - 6 = -4*s + 10, -5*w = r. List the prime factors of 6 + (-23)/4 - (-419)/s.
3, 5, 7
Suppose -14 = 31*v - 32*v. Suppose -11*q + 13500 = v*q. What are the prime factors of q?
2, 3, 5
Suppose -49*s + 708 = -52*s. Let z = -42 - s. What are the prime factors of z?
2, 97
Let o be (-8)/(-36) + 34/9. Suppose -7 = o*b - 15. Suppose b*m - 23 = 5. What are the prime factors of m?
2, 7
Let t(r) = -2523*r - 6474. What are the prime factors of t(-4)?
2, 3, 67
Let f = 88578 - 50303. List the prime factors of f.
5, 1531
List the prime factors of ((-28)/(-6))/(9*(-23)/(-80109)).
2, 3, 7, 43
Let w(r) be the second derivative of -r**4/6 - 11*r**3/6 - r**2/2 - 15*r. Let j be w(-5). List the prime factors of (-42)/(-6 + 4) - j.
17
Let a = -278 - -335. Let p = 724 - a. List the prime factors of p.
23, 29
Let t be 159/(6/(-12)*-2). Let q = 223 - t. What are the prime factors of q?
2
Let w(r) = 1196*r + 870. What are the prime factors of w(6)?
2, 3, 149
Let m = 122 + -118. Suppose t + 4003 = m*s, 3*s - 4*t - 2999 = -0*s. What are the prime factors of s?
7, 11, 13
Let b(i) = -i**3 - 4*i**2 - 4*i - 2. Let v be b(-2). What are the prime factors of 361 + (-5 - v)/(9/6)?
359
Let n = 43 + -40. Suppose 223 + 827 = n*h. Suppose 3*d - h = -20. What are the prime factors of d?
2, 5, 11
Let f be 3 + (415/(-15))/((-3)/63). Let v = f - -92. List the prime factors of v.
2, 13
Let t be 20*(-6)/(-24)*(-6)/(-15). Suppose 4*i - l + 2431 = 7*i, t*i - 4*l = 1602. List the prime factors of i.
809
What are the prime factors of (3/2)/((-167)/(-2344346))?
3, 7019
Suppose -4*t + 2*f = 1142, 0 = -t + 5*f - 81 - 182. Let y = 381 - t. What are the prime factors of y?
3, 223
Let z(d) = 291*d - 1690. List the prime factors of z(25).
5, 1117
Let y be -1 - -12 - (-9 + 7/1). Suppose -54*a = -y*a - 61172. List the prime factors of a.
2, 373
What are the prime factors of 2 + (-20)/10*(-1)/(-3)*-101199?
2, 101, 167
Let u(d) = 20*d**2 + 24*d - 18. Let a be u(18). Suppose 31*y - 22*y - a = 0. What are the prime factors of y?
2, 383
Let n be (-228)/(-44) - 2/11. Suppose -10 = n*w + 4*d, -5*w + 2*d + 24 = 4. Suppose -7*j = -w*j - 610. List the prime factors of j.
2, 61
Let c = -362 - -817. Suppose -4*h - 2*y = 125 - c, 3*h - 5*y = 267. List the prime factors of 1 + h + -4 + (-4)/(-4).
2, 41
What are the prime factors of (148/5)/(89/23585) - 6/(-2)?
7, 19, 59
What are the prime factors of ((-3)/(-4))/((-162)/(-9398808))?
53, 821
Suppose -63*g - 169898 + 410012 = -446775. List the prime factors of g.
10903
Let r(l) = l + 27. Let c(s) = 8*s - 42. Let h be c(6). Let z be -4 - 20/h*(-6)/2. What are the prime factors of r(z)?
3, 11
Let w be (68/3)/(3/27). Let x(g) = 8*g**2 - 102*g + 30. Let c be x(12). Let f = w + c. What are the prime factors of f?
2, 3
Suppose 3*h + 20619 = 3*z, -7564 - 19952 = -4*z - 4*h. Suppose 4*w = 3*s - s + 6864, 4*w + s - z = 0. What are the prime factors of w?
2, 859
Let k = -229 + 224. Let f(r) = -63*r - 50. What are the prime factors of f(k)?
5, 53
Suppose 6*z - 2*z - 16 = 0. Let o be (-1)/z*2*-6. Suppose -6*j = -o*j - 465. List the prime factors of j.
5, 31
Let p = -109 - -114. Suppose 182 = d + d - p*f, -5*d + 2*f = -434. Suppose -4*b + 90 + d = 0. What are the prime factors of b?
2, 11
Suppose 2*c = 3*a - 3788 - 27187, -2*c = 2*a - 20650. List the prime factors of a.
5, 7, 59
Let z(s) = -2*s + 30. Let v be z(12). Let d(c) = c**3 + 3*c**2 + c - 10. List the prime factors of d(v).
2, 5
Let b = 1 - -6. Suppose b*n - s - 11 = 3*n, 3*n + 2*s = 0. Suppose n*u + 3*u = 170. List the prime factors of u.
2, 17
Let x = 3 + 4. Let y(h) = 12*h + 8. Let q(o) = -50*o - 36. Let k(i) = 2*q(i) + 9*y(i). What are the prime factors of k(x)?
2, 7
List the prime factors of (-3 - 141/4)/(8*21/(-306880)).
2, 3, 5, 17, 137
Let f(o) = 8*o**3 + 8*o**2 + 2*o - 1. Suppose -3*y - 5*r = -34, 2*y - 4*r = -19 + 5. What are the prime factors of f(y)?
293
Let u(g) = g**2 - 7. Let r be u(-5). Let j = 1496 - 1488. Let s = r - j. What are the prime factors of s?
2, 5
Let h be 30/(-195) + (-498156)/26. List the prime factors of 6/(-4) - (h/16 + -1).
3, 7, 19
Let n(g) = g**3 - 9*g**2 + 10*g. Let k be n(6). Let a = 55 + k. What are the prime factors of a*(-2 - -24 - 15/5)?
7, 19
Let r = 15 - 9. Let k(t) = 188*t - 250. What are the prime factors of k(r)?
2, 439
Suppose 160*d - 165*d - 1565 = 0. List the prime factors of 2 - (-8)/(-4) - (d - -3).
2, 5, 31
Suppose 5*g - 72 = 9*g. Let l = -13 - g. Suppose -u = -51 + l. List the prime factors of u.
2, 23
Suppose 5*i - c - 21 = 0, -3*i - i - 3*c + 13 = 0. Suppose -w = 2, -3*w - 2646 = -i*m - 0*m. List the prime factors of m.
2, 3, 5, 11
Suppose 11*r + 19 = -58. Let m be (23*-24)/2*(r + 8). Let l = -186 - m. What are the prime factors of l?
2, 3, 5
List the prime factors of ((-14)/21 - 44/6)/((-206)/412721).
2, 4007
Suppose -3*o + 2*u + 9 = 7*u, 0 = 2*o + u - 6. Suppose -7*x + 5*x + o*i + 1072 = 0, -2*x = 3*i - 1048. What are the prime factors of x?
2, 5, 53
Let r be (-3 - 162/(-12))*(-6)/9. List the prime factors of 4*(-3)/r*(-13195)/(-26).
2, 3, 5, 29
Let p be 8/28 - (-6)/(-21). Suppose p*k - 4590 = -15*k. Let d = k - 88. What are the prime factors of d?
2, 109
Su